) = n**3 + n**2 - 1. Suppose -11 - 4 = -5*o. Suppose -o*y = -y. Determine i(y).
-1
Let d(s) be the third derivative of -1/6*s**3 + 0 + 0*s**4 - 2*s**2 - 1/60*s**5 + 0*s. Let m be d(-1). Let a(g) = -g**2 - g + 1. Calculate a(m).
-1
Let u(m) = 5*m + 10. Let i(y) = 14*y + 28. Let t(g) = 4*i(g) - 11*u(g). Determine t(-6).
-4
Let a(v) be the second derivative of 7*v**4/24 + v**3/6 - 18*v**2 - 34*v. Let g(w) be the first derivative of a(w). What is g(-1)?
-6
Suppose 2*r + 3*r = -15. Let i(m) be the third derivative of m**6/120 + m**5/15 + m**4/8 - m**3/6 + 7*m**2. Calculate i(r).
-1
Let d(p) = -p**2 - 8*p - 10. Let o be d(-2). Let y(j) = -j**3 + 3*j**2 - j - 2. Calculate y(o).
0
Let f(r) = r - 5. Suppose 3*l - 5*a - 36 = -a, 3*l = 5*a + 39. Let j be f(l). Let q(i) = 0*i**2 - 4*i**2 + j*i**2 + 2. Determine q(0).
2
Let h(n) = n + 1. Let y(w) = -w**3 + 4*w**2 + 2*w + 14. Let j be y(5). Let v(l) = -11*l - 4. Let a be v(j). What is h(a)?
8
Let y(v) = 2 + 0*v - 5*v + v. Let l = -23 + 26. Calculate y(l).
-10
Let c(a) be the third derivative of a**4/24 - 17*a**3/6 + 271*a**2. Determine c(16).
-1
Let y be 2/4 - (-35)/14. Let d be -6*(y/(-6) + 1). Let r(g) = 2*g + 6. Let o(w) = w + 3. Let l(k) = 9*o(k) - 4*r(k). Determine l(d).
0
Suppose 2 = -3*c - r, -5*c + 2*r - 8 = -1. Let w(l) = 3*l + 1. Let o(d) = 14*d + 2. Let a(k) = o(k) - 3*w(k). What is a(c)?
-6
Let g(u) = -3*u - 1. Suppose r - 7 + 5 = 0. What is g(r)?
-7
Suppose 0 = -5*m + 3*b + 15 - 41, -4*m - 6 = 5*b. Let c(a) = a**3 + 5*a**2 + a + 3. Determine c(m).
15
Let j(s) be the second derivative of s**4/6 - s**3/2 - 2*s**2 - 2*s. Suppose -3*c + 22 = 4*n, c + 2 + 0 = n. Let l be (2/n)/(((-25)/(-30))/5). Give j(l).
5
Suppose -6*z + 13*z = 0. Let k(a) = a**3 - a**2 - 11. Calculate k(z).
-11
Suppose -3*n = -7*n - 76. Let p = -24 - n. Let v(z) = z**3 + 4*z**2 - 6*z - 2. Give v(p).
3
Let r = -27 + 34. Let y(a) = a**3 - 8*a**2 + 8*a - 6*a - a - r. Calculate y(8).
1
Let j(i) = -i**3 + 2*i**2 + 4*i - 37. Let x(p) = -p**2 - 19. Let k(u) = -j(u) + 2*x(u). Let z be 10/(3 + -1)*1. What is k(z)?
4
Let k(n) be the third derivative of -1/5*n**5 + 1/6*n**3 + n**2 + 0*n**4 + 0 + 0*n. Suppose 4*u + 4 = 8*u. What is k(u)?
-11
Let v(l) = l**2 + 6*l. Let a = 641 - 646. Calculate v(a).
-5
Let n(b) = b**2 - 3*b + 2. Suppose 1 = -4*y - 19. Let v be (2 + y - 0) + -30. Let q be ((-44)/v)/(2/3). Give n(q).
0
Let o be (6/(-24))/((-1)/(-4)). Let c(v) = 10 - 10 + v. What is c(o)?
-1
Let k(q) = 122*q - 5. Let j(a) = 22*a - 1. Let f(w) = 11*j(w) - 2*k(w). Calculate f(8).
-17
Let t(i) be the second derivative of -i**5/120 + 7*i**4/24 + 17*i**3/6 + 2*i. Let z(o) be the second derivative of t(o). Determine z(0).
7
Let k(i) be the third derivative of -i**5/15 + 9*i**4/8 + i**3/2 + 323*i**2. Give k(7).
-4
Let w(l) be the first derivative of l**4/4 + 2*l**3/3 - l**2/2 + l - 79. Determine w(-4).
-27
Let s(k) = 8*k + 2. Let p be s(-1). Let c be 2 - (5/(-1) - 4). Let d(q) = -c + 17*q + 2 - 20*q. What is d(p)?
9
Let x(a) = a - 1. Let l(n) be the third derivative of -n**4/4 + 3*n**3 - 5*n**2. Let w(i) = l(i) + 5*x(i). Suppose -68*p = -58*p. Calculate w(p).
13
Suppose -4*c - 41 = -53. Let w(v) = 2*v + 1. Calculate w(c).
7
Let j(v) = -4*v - 2. Let z(l) = -8 - 4 - 2*l + 11. Let y(d) = 4*j(d) - 7*z(d). Determine y(-1).
1
Let i be 33/(-7) + 20/(-70). Let m(o) = 3*o**2 + o**2 - 3*o**2 - 5*o - 2*o**2. Give m(i).
0
Let g(t) = -t**2 + t**3 - 2 + 2*t**2 + t**2 - 68*t + 128*t - 64*t. What is g(-4)?
-18
Let g(y) = y**2 + 8*y + 2. Let v be (0 - 0 - 6)*(-12)/(-9). Calculate g(v).
2
Let q be (9 + -5 - 4) + -1 + -1. Let x(j) = j. Let m(i) = 3*i + 1. Let k(u) = q*m(u) + 7*x(u). Give k(-3).
-5
Suppose x - 4 = -3*x. Let m(c) = -2 + 5*c**2 - 2*c - x - c**2 - c**3. Let z(h) = -4*h + 24. Let q be z(5). Calculate m(q).
-11
Let i(w) = -1 - 6*w - w**2 + 2*w + 2*w**2 + 3*w. Let j be i(-1). Let k(q) = j + 6*q + q - 6*q. What is k(-2)?
-1
Let t(m) be the second derivative of 0 + 2*m**2 + 1/12*m**4 + 4*m + 0*m**3. Determine t(0).
4
Let a(z) = 6*z - 10. Let t(l) be the first derivative of 5*l**2/2 - 9*l - 5. Let y(r) = 4*a(r) - 5*t(r). Determine y(0).
5
Let m(h) = -16*h + 12. Let s be m(-5). Let z = s + -88. Let b(i) = 3*i + 5. Give b(z).
17
Let z(y) = 2*y - 6. Let l be z(4). Let i = l + -1. Let g(u) = 1 + i - 2*u + u**2 + 5*u - 4. Determine g(2).
8
Let d(y) = y**2 + y - 2. Let x = 22 - 9. Let p = 5 - x. Let c be 2/(-9) + p/(-36). Determine d(c).
-2
Let v(d) = d**2 - 5*d - 7. Let o be v(7). Let s(h) = -6 + o*h - 2 - 11*h + 3. Give s(4).
-21
Let y(k) be the third derivative of k**6/120 - 7*k**5/60 - 2*k**4/3 - 2*k**3 + 2*k**2 + 85. Give y(9).
6
Let d(c) = -c**3 + 3*c**2 - 2*c - 7. Let a be d(0). Let n(m) = -4 - 10 - 2*m + 5. What is n(a)?
5
Let z = 88 - 76. Let r(d) = 3*d - 2. Let c be r(2). Suppose -n + c*n = z. Let t(o) = o**3 - 5*o**2 + 3*o - 5. What is t(n)?
-9
Let i be 79/1027 - (-309)/39. Let s(j) = j**2 - 10*j - 9. Give s(i).
-25
Suppose 0 = 3*c - 2*q - 22 + 8, 0 = -3*c - 5*q - 14. Let s(x) = -x**3 + 3*x**2 - 3*x + 1. Calculate s(c).
-1
Let l(m) = 3*m - 5. Let s be 41 - 41 - (-1 + 1 - 0). Let y be 40/80 - (s + 18/(-4)). What is l(y)?
10
Let f(l) be the second derivative of -l**7/840 + l**6/45 + 3*l**5/40 + l**4/6 + l**3/3 - 8*l. Let g(m) be the second derivative of f(m). What is g(9)?
4
Let x(z) = -z + 7. Let d(u) = -20 + 14 + 7. Suppose 2*v + 6 = -v. Let t(m) = v*x(m) + 14*d(m). Give t(4).
8
Let a(m) be the second derivative of -m**4/12 + m**3/3 + 19*m**2/2 + m + 145. Calculate a(0).
19
Let r(s) = -3*s + 8. Let x(q) = -4*q**2 + 146*q - 67. Let b be x(36). Determine r(b).
-7
Let p(m) = m**3 - 7*m**2 - 2*m + 3. Let s(t) = 2*t**3 - 15*t**2 - 5*t + 6. Let n(l) = 5*p(l) - 2*s(l). What is n(5)?
3
Let q = -18 - -48. Let l(k) = -q + 3*k + 10 + 17. Calculate l(-3).
-12
Let l = 13 + -9. Suppose -l*d = d. Suppose t - 4 = -d. Let u(w) = w**2 - 4*w - 2. Give u(t).
-2
Let y = 251 - 261. Let w(b) = b + 1. Let a(k) = -2*k - 2. Let q(f) = -4*a(f) - 7*w(f). What is q(y)?
-9
Let z(x) be the third derivative of x**8/480 - x**7/1260 + x**6/360 - x**5/120 + 3*x**4/8 - 13*x**2. Let b(a) be the second derivative of z(a). Give b(1).
13
Let l(b) = -b**2 + 5*b + 4. Suppose -4*p + 3*y = -45, -3*p - 65 = -8*p - 5*y. Suppose -17*g - 4*f = -20*g + 27, 0 = 4*f + p. Determine l(g).
4
Suppose -5*b - 22 = -7*q + 9*q, 3*b = -6. Let s(l) = l - 24. Calculate s(q).
-30
Let q(h) = 2*h + h - 1 + 5*h - 13*h. Let o be q(-1). Let t(s) = -o + 2 + 0 - s. Determine t(2).
-4
Let u(l) = -16*l - 57. Let t be u(-4). Let b(j) = -j**3 + 8*j**2 - 4*j - 8. Determine b(t).
13
Let s(l) = 0*l**3 - l**2 - l**3 + 4*l - 3*l - 5*l**3. Give s(1).
-6
Let k(n) = 18 - n**2 - 12*n + 4*n**2 - 5*n - n**3 + 4*n**2 + 10*n**2. Calculate k(16).
2
Let x(n) = -8*n. Suppose l + 40 = 2*c, -c - 3*l + 42 = 2*c. Suppose 0 = -2*o - 2*b + c, -3*o + 2*b + 15 = -b. Let y = 9 - o. Calculate x(y).
-16
Let u(t) = t**2 + 5 - 12 + 8 + t - 25. What is u(0)?
-24
Suppose 0 = -4*z - 4*x + 32, 3*z = 7*z + 2*x - 22. Let d(v) be the first derivative of 1/4*v**4 + 3/2*v**2 + 1 - 4/3*v**3 + 2*v. Give d(z).
2
Let x(k) = 5*k**2 - 2. Let l(n) = -9*n**2 - n + 3. Let y(u) = 6*l(u) + 11*x(u). Suppose -4*f + 4*h + 52 = 0, -17*h = -3*f - 13*h + 48. Calculate y(f).
-12
Let r(q) be the first derivative of q**5/60 + 7*q**4/24 + 4*q**3/3 - 4. Let m(s) be the third derivative of r(s). What is m(-7)?
-7
Let o(b) be the first derivative of -b**3/3 - 2*b**2 + 5*b + 9. Suppose -2*g = -5*g + 3*l - 3, -2*l - 18 = 2*g. Let v be o(g). Let a(r) = -r + 3. What is a(v)?
3
Suppose 13*t = -9*t - 5*t. Let d(l) be the first derivative of 1 + t*l + 3/2*l**2. What is d(2)?
6
Suppose t = -3*k, 11*k - 15*k - 8 = 4*t. Let y(r) = -2*r**3 - 3*r**2 - r + 2. Determine y(t).
32
Let z = 2 + 8. Let c(j) = 8*j**3 - 5*j - j**2 + z*j - 3*j - 4*j - 1. Suppose 2 = -3*p - 1. Determine c(p).
-8
Let b(w) = 18*w + 1. Let t(f) = -19*f - 2. Let m(c) = 3*b(c) + 2*t(c). Calculate m(2).
31
Let y(q) = -13*q**2 - 37*q + 7. Let d(b) = 3*b**2 + 9*b - 2. Let i(p) = 9*d(p) + 2*y(p). Calculate i(-7).
-4
Let c(s) be the second derivative of -s**5/20 - 2*s**4/3 - s**3 - 4*s**2 - 82*s + 2. Give c(-7).
-15
Suppose 0*f + 2*f + 5*n + 1 = 0, 4*f + n - 7 = 0. Let p(g) = -2*g + 1. Let t be 10/(-4)*(-44)/5. Let d(b) = -7*b + 4. Let 